639 + 649. Let b(o) = o + 5. What is b(j)?
0
Let o(n) = n - 10. Let p(z) = -z**2 + 14*z - 14. Let l be p(9). Let q(y) = 2*y - 55. Let v be q(l). Give o(v).
-3
Let h(z) = z**2 - 18*z - 16. Suppose 5*l - 3*b - 3250 = 0, -2*b - 1220 = -3*l + 730. Let y be 1 + (-38)/34 - l/(-34). Calculate h(y).
3
Suppose 13*x - 147 = -69. Let h(z) = -z**3 + 8*z**2 - 5*z - 13. Give h(x).
29
Let v be 5/1 - 4*(-75)/180*-3. Let r(f) = f**3 + 3*f**2 + f + 7. Let c(q) = q**3 + q**2 + 1. Let l(t) = 2*c(t) - r(t). Determine l(v).
-5
Let r(x) = 46*x**2 + 2 - 138*x**2 + 40*x**2 + 51*x**2 - 2*x**3. Give r(-2).
14
Let m(w) = -15*w**2 - 263*w + 537*w - 272*w - 10*w**2 - 2*w**3 + 7*w**2. Give m(-9).
-18
Let k = -26 + 30. Suppose -k*g = 5*m - 25, -2*m + 36 = 5*g + 9. Let c be -1 + (m + 5 + -2)*-1. Let p(y) = y + 4. What is p(c)?
-1
Let d(g) = -2*g - 9. Let y(l) = 24*l - 142. Let k be y(6). Suppose 14 = -k*u + 2*n, 2*u + 0*n - 1 = -3*n. Give d(u).
-1
Let u(s) be the second derivative of s**5/20 + 5*s**4/12 + 5*s**3/6 + 23*s**2/2 + 26*s + 48. Give u(-5).
-2
Let c be -8*(1 + (-75)/10). Suppose 19 = i - 4*i - 2*b, 7*i + c = 3*b. Let j(t) = -t**2 - 6*t + 4. Calculate j(i).
-3
Let a be -15*(1/(-6))/((-6)/12). Let g(k) = 4*k + 5. Let p(d) = 8*d + 13. Let c(l) = 7*g(l) - 4*p(l). Give c(a).
3
Let d(t) = -t + 12. Let v(z) = -z**2 - 86*z - 1657. Let g be v(-57). What is d(g)?
16
Let b(s) = -10*s**2 - 5*s - 2. Let n = -17169 - -17172. What is b(n)?
-107
Suppose 30 = -9*x + 111. Suppose x*s + 50 + 13 = 0. Let v(r) be the first derivative of r**4/4 + 2*r**3 - 9*r**2/2 - 6*r - 1. What is v(s)?
8
Suppose 4*m = 3*i + 9, -2*i - 3 = 3. Let t(g) = g - 4. Let n(z) = 1. Let j(h) = 4. Let o(l) = 2*j(l) - 6*n(l). Let p(b) = -6*o(b) - t(b). Determine p(m).
-8
Suppose 173*n + 630 + 384 = -543. Let u(y) = 2*y**2 + 20*y + 25. Let r(z) = 1 - 6 - 10*z - 8 - z**2. Let g(t) = 5*r(t) + 3*u(t). What is g(n)?
1
Let h(k) = 37*k**2 - 44. Let i(d) = -7*d**2 + 8. Let c(u) = -2*h(u) - 11*i(u). Let r(s) = -2*s**2 - 3*s. Let x be r(-3). Let n = -10 - x. What is c(n)?
3
Let o(l) = -3*l. Suppose 2 = 3*u - 10. Suppose n = 8 + u. Let g be (-1)/1 + (n - 9). Determine o(g).
-6
Let h(r) be the first derivative of r**4/2 + 4*r**3 + r**2/2 + 13*r + 7964. Calculate h(-6).
7
Let s(k) = 2*k**2 + 2*k + 25. Let l(a) = 3*a**2 + 4*a + 49. Let t(n) = 3*l(n) - 5*s(n). Determine t(9).
-41
Let c(h) be the second derivative of -h**7/1260 + h**6/180 - h**5/30 + 65*h**4/12 - 12*h + 2. Let i(w) be the third derivative of c(w). Determine i(3).
-10
Let p = 2826 + -2829. Let b(a) = a + 9. Give b(p).
6
Let p(r) = r**3 + 4*r**2 + 5. Suppose 0*n + n + 5*n = 0. Let j = 36 - n. Suppose 16 = 5*x + j. Determine p(x).
5
Let c(a) = a**3 + 3*a**2 - 3*a - 1. Let y be 33/(-198) + ((-922)/12 - 1). Let s be 37*3/(-12)*-8. Let g = y + s. Give c(g).
-5
Let m(k) = 10*k**2 + 5*k + 1. Let p(i) = -19*i**2 + 25*i + 279. Let u(z) = 2*m(z) + p(z). Calculate u(-16).
-23
Let s(l) be the third derivative of l**4/24 - 628*l**2. Let r(m) = 5*m**2 + 2*m - 2. Let o be r(-2). Let x = o + -15. What is s(x)?
-1
Let g(r) be the second derivative of -r**5/10 - 19*r**4/12 + 4*r**3/3 - r**2/2 - 357*r + 6. What is g(-10)?
19
Let f(b) = b**2 + 11*b + 13. Suppose -126 = -x + 4*k, k = -5*x - 2*k + 630. Suppose 2*l = 16*l + x. Give f(l).
-5
Let x = -7695 + 7704. Let y(t) = t**3 - 9*t**2 + t - 19. Determine y(x).
-10
Let s be (-1380)/(-966)*28/10. Let k(x) = -6*x + x**2 + 2*x - 3 + 4*x. Give k(s).
13
Let a(m) = -m**3 - 3*m**2 - m + 1. Let w be (2 - 4) + (-2 - (-5 - -1)). Let j = w - -4. Suppose 7 = 3*p + 5*c - 12, -3*c + 7 = j*p. What is a(p)?
-1
Let q(y) = 0*y**2 + 3*y**2 - 12*y - y**2 + 7. Suppose 103 - 338 = -47*z. Calculate q(z).
-3
Let t = 44 + -37. Suppose t*n - 247 = -65. Let q(s) = 5 - n + 16 - s. Determine q(-3).
-2
Let l(y) = 4*y + 5*y**2 - 29*y**3 - 5*y**2 - 12*y**3 + 49*y**3 - 5*y**2. Determine l(1).
7
Let g(i) be the second derivative of -i**7/2520 + i**6/60 - i**5/40 + 11*i**4/3 + 29*i. Let m(a) be the third derivative of g(a). What is m(12)?
-3
Suppose 2*v - 4*v + 4 = -3*q, -2*q = -4*v + 8. Let f(s) = 1 + 0*s + q*s + 2*s. Let u be (-1296)/666 + (-4)/74. Determine f(u).
-3
Suppose 0 - 3 = -3*m - 3*g, 0 = -g - 4. Let f(j) = -2*j - 22 + 38 - 12 + 5*j. Determine f(m).
19
Let u(p) be the third derivative of p**6/120 - 7*p**5/30 - 13*p**4/24 - 5*p**3/6 + 283*p**2 + 2. Calculate u(15).
25
Let d(m) = 7*m**2 - 23*m + 5. Let o(n) = 892*n - 5350. Let k be o(6). Determine d(k).
-13
Let k(v) = v - 3. Let n = 3432 - 3411. What is k(n)?
18
Let f(k) = -k**3 + k**2 + 5*k + 4. Let r be f(-2). Let a(x) be the first derivative of -6 + 1/2*x**2 - 6*x. What is a(r)?
0
Let a = 642 + -631. Let j(o) = -11 + a + 53*o + 39 - 54*o + 4. What is j(0)?
43
Let q(a) = 10 + 1 + 33*a**2 - 31*a**2 + 11 + 16*a. Let k be q(-5). Let o(l) = l**3 + 7*l**2 - 9*l - 4. Give o(k).
4
Let t(o) = -3*o. Let a be t(-4). Let k(v) = -1 - a*v**2 - 3*v + 9 - v**3 + 0 - 7*v. Let z(x) = -x**3 - 5*x**2 + x + 9. Let m be z(-4). Give k(m).
-3
Let q(n) = 3*n**3 + 17*n**2 - 17. Let m(f) = 13*f**3 + 69*f**2 - 67. Let d(a) = -2*m(a) + 9*q(a). Let u(r) = r**3 - 5*r**2 - 5*r + 10. Let o be u(5). Give d(o).
-19
Let s(f) be the second derivative of -13*f**3/6 - f**2/2 + 34*f. Let w = -1224 - -1222. Determine s(w).
25
Let d(h) be the second derivative of -h**5/10 - h**4/6 + h**3/2 + 3*h**2/2 + 972*h. What is d(-2)?
5
Let g = -9202 - -9185. Let n(x) = x**3 + 17*x**2 + 2*x + 23. Calculate n(g).
-11
Suppose -5*f = -3*f + 4. Suppose 2*o + 12 = -n, 2*n - 5*o - 2 = -8. Let b(p) = -3*p - 8. Let i(r) = r + 3. Let t(a) = n*i(a) - 3*b(a). What is t(f)?
-2
Let o = -379 + 381. Let w(d) = 13*d**2 - 18*d**o + 7*d**2 + 7*d**2. Calculate w(1).
9
Let b(h) = -34*h - 11*h**2 - 13 - 4 + 5 + 13*h**2. Calculate b(17).
-12
Let y(a) be the first derivative of -4*a**2 - 5*a - 1978. Give y(2).
-21
Suppose 3*d - 56 = -4*z - 3, 5*d - 81 = -3*z. Let n be 4/(-3) - 5/d*179. Let y = -56 - n. Let t(o) = o + 5. Determine t(y).
10
Let z(t) = -40*t + 1879. Let p be z(46). Let v(y) = -8*y + 319. Calculate v(p).
7
Let l(k) = -k + 0*k + 0 + 1. Let i be 7*(45/(-189))/((-21)/(-63)). Calculate l(i).
6
Let p = -2362 - -2380. Suppose 4 = l - 0. Suppose -v - l*o - p = 0, 4*o = -5*v - o - 15. Let x(m) = -3*m**2 - 2*m + 2. Give x(v).
-14
Let y(q) be the first derivative of -q**2/2 - 5*q - 124. Suppose c = -2*v - 7, 5*v + 5*c + 8 = -12. Calculate y(v).
-2
Let r(k) = -4*k**3 - k. Let u be ((-4)/6)/((-128)/(-16320)). Let j = u + 86. Calculate r(j).
-5
Let l(s) = -41*s + 21. Let c(q) = -72*q + 40. Let z(x) = -4*c(x) + 7*l(x). Determine z(17).
4
Let f(q) = -823*q**2 + 277*q**2 + 274*q**2 + 273*q**2 - 6*q + 2. Suppose 7*c - 12 = 3*c. Calculate f(c).
-7
Let w(v) = -18 - v - 14 - 6 + 28. Suppose -5*r = -2*d + 35, 5*d = 3*r + r + 45. What is w(r)?
-5
Let p(i) = -1907 - 1901 + 5710 + 24*i - 1920. Give p(1).
6
Let i(g) = 2 - 2 + 11*g - 1. Let l(d) = 28*d - 615. Let h(b) = 22*b**2 + 7*b - 7. Let y be h(1). Let f be l(y). Give i(f).
10
Let z(u) = -8*u**2 + 9*u + 6 - 8*u**2 + 17*u**2. Suppose 4*r - r = 36. Let p be 13/(-2) + 6/r + 0. Determine z(p).
-12
Let q = -86 + 82. Let g(r) = -3*r**3 + 8*r**2 + 4*r - 8. Let d(a) = -4*a**3 + 8*a**2 + 3*a - 9. Let h(f) = q*d(f) + 5*g(f). Suppose 4*w + 35 = -w. What is h(w)?
-11
Let x(w) = w**3 + w + 1. Let o(q) = -3*q**3 + 5*q**2 - 9*q + 5. Let m(h) = o(h) + 2*x(h). Suppose -6*y + 18 + 6 = 0. Determine m(y).
-5
Let m be (-6)/(-12) - (-1)/2 - -2. Suppose 3*l - 6*d + 21 = -m*d, -34 = 4*l + 2*d. Let h(q) = 2*q + 13. Give h(l).
-3
Let c(x) = -x**2 - 10*x - 13. Let y be (25/5)/(90/(-144)). Calculate c(y).
3
Let o(t) = -t**2 + 2*t - 1. Let q = -75 + 86. Suppose 7*f = 6*f - q*f. Suppose 2*x + 2*j = f, 3*x = 4*j - 1 + 29. Give o(x).
-9
Let l(k) be the second derivative of 4*k**2 - 1/6*k**3 - 42*k - 2. Let y = 2 + 4. Calculate l(y).
2
Let b(q) = q**3 - q + 1. Suppose x + 19 = -43. Let m = 62 + x. What is b(m)?
1
Let t(g) = -g**3 - 5*g**2 - 3*g - 4. Let j(w) = -1138*w**2 - w**3 + 0*w**3 + w - 5*w + 1132*w**2 - 5. Let o(u) = 2*j(u) - 3*t(u). Give o(-2).
4
Let n(t) = 712977969*t**3 - 2*t + 6*t - 712977970*t**3 + 3. Let g be (2/(-3))/((-2)/(-6)). What is n(g)?
3
Let c = -4 - -6. Suppose -c*o - 36*o + 380 = 0. Let j(a) = a**3 - 11*a**2 + 11*a - 12. What is j(o)?
-2
Let i